{"id":28,"date":"2017-07-21T12:35:49","date_gmt":"2017-07-21T15:35:49","guid":{"rendered":"http:\/\/www.studdiobagni.com.br\/site\/?page_id=28"},"modified":"2018-02-26T14:16:46","modified_gmt":"2018-02-26T17:16:46","slug":"sobre","status":"publish","type":"page","link":"https:\/\/www.studdiobagni.com.br\/site\/sobre\/","title":{"rendered":"SOBRE"},"content":{"rendered":"<div id=\"pl-28\"  class=\"panel-layout\" ><div id=\"pg-28-0\"  class=\"panel-grid panel-has-style\" ><div class=\"siteorigin-panels-stretch panel-row-style panel-row-style-for-28-0\" data-stretch-type=\"full\" ><div id=\"pgc-28-0-0\"  class=\"panel-grid-cell\" ><div id=\"panel-28-0-0-0\" class=\"so-panel widget widget_sow-editor panel-first-child panel-last-child\" data-index=\"0\" ><div class=\"so-widget-sow-editor so-widget-sow-editor-base\">\n<div class=\"siteorigin-widget-tinymce textwidget\">\n\t<p style=\"text-align: justify;\">A <strong>Studdio Bagni<\/strong>, desde 1989, oferece ao mercado da decora\u00e7\u00e3o de lavabos e banheiros produtos concebidos para proporcionarem beleza e funcionalidade a esses ambientes. Cada vez mais valorizados, lavabos e banheiros s\u00e3o criados de modo a harmonizar os conceitos de design, de praticidade, de conforto e de\u00a0 sofistica\u00e7\u00e3o que o estilo e o bom gosto exigem.\n\n\n<p style=\"text-align: justify;\">Para tanto, a <strong>Studdio Bagni<\/strong> pesquisa os melhores materiais que re\u00fanem garantia, qualidade, durabilidade, design e outros atributos que se traduzem em metais, lou\u00e7as sanit\u00e1rias, cubas, banheiras, acess\u00f3rios decorativos e outras pe\u00e7as utilit\u00e1rias.\n\n\n<p style=\"text-align: justify;\">O compromisso com a satisfa\u00e7\u00e3o dos nossos clientes \u00e9 o principal foco da<strong> Studdio Bagni<\/strong>. Trabalhando diretamente com eles e tamb\u00e9m com construtoras, arquitetos, decoradores e outros profissionais, a <strong>Studdio Bagni<\/strong> oferece solu\u00e7\u00f5es e materiais adequados para diferentes projetos e or\u00e7amentos.\n\n\n<p style=\"text-align: justify;\">A localiza\u00e7\u00e3o privilegiada do nosso show room, situado no <strong>Design Center<\/strong> (Avenida do Batel, 1750), em Curitiba, \u00e9 o endere\u00e7o certo para quem procura os principais lan\u00e7amentos e o que h\u00e1 de mais inovador para a decora\u00e7\u00e3o de lavabos e banheiros.\n\n<\/div>\n<\/div><\/div><\/div><\/div><\/div><div id=\"pg-28-1\"  class=\"panel-grid panel-has-style\" ><div class=\"siteorigin-panels-stretch panel-row-style panel-row-style-for-28-1\" data-stretch-type=\"full\" ><div id=\"pgc-28-1-0\"  class=\"panel-grid-cell\" ><div id=\"panel-28-1-0-0\" class=\"so-panel widget widget_sow-editor panel-first-child panel-last-child\" data-index=\"1\" ><div class=\"so-widget-sow-editor so-widget-sow-editor-base\">\n<div class=\"siteorigin-widget-tinymce textwidget\">\n\t<p style=\"padding-left: 60px; text-align: justify;\"><span style=\"color: #ffffff;\"><strong>Miss\u00e3o :<\/strong><\/span>\n\n\n<p style=\"padding-left: 120px; text-align: justify;\"><span style=\"color: #ffffff;\">Comercializar e oferecer produtos de decora\u00e7\u00e3o para lavabos e banheiros que traduzam, com qualidade, tecnologia e design, a praticidade e o conforto exigidos por nossos clientes.<\/span>\n\n\n<p style=\"padding-left: 60px; text-align: justify;\"><span style=\"color: #ffffff;\"><strong>Vis\u00e3o:<\/strong><\/span>\n\n\n<p style=\"padding-left: 120px; text-align: justify;\"><span style=\"color: #ffffff;\">Ser reconhecida no mercado curitibano como loja de refer\u00eancia quanto \u00e0 qualidade da ampla linha de produtos e quanto \u00e0 excel\u00eancia no atendimento, primando sempre pela satisfa\u00e7\u00e3o e realiza\u00e7\u00e3o do cliente.<\/span>\n\n\n<p style=\"padding-left: 60px; text-align: justify;\"><span style=\"color: #ffffff;\"><strong>Valores:<\/strong><\/span>\n\n\n<p style=\"padding-left: 120px; text-align: justify;\"><span style=\"color: #ffffff;\">Comprometimento com a transpar\u00eancia, com a criatividade e com a busca constante de aperfei\u00e7oamento e supera\u00e7\u00e3o.<\/span>\n\n<\/div>\n<\/div><\/div><\/div><\/div><\/div><div id=\"pg-28-2\"  class=\"panel-grid panel-has-style\" ><div class=\"siteorigin-panels-stretch panel-row-style panel-row-style-for-28-2\" data-stretch-type=\"full\" ><div id=\"pgc-28-2-0\"  class=\"panel-grid-cell\" ><div id=\"panel-28-2-0-0\" class=\"so-panel widget widget_sow-editor panel-first-child panel-last-child\" data-index=\"2\" ><div class=\"so-widget-sow-editor so-widget-sow-editor-base\">\n<div class=\"siteorigin-widget-tinymce textwidget\">\n\t<p>\u00a0<\/p>\n<p><img loading=\"lazy\" decoding=\"async\" class=\"alignnone size-medium wp-image-178 aligncenter\" src=\"http:\/\/www.studdiobagni.com.br\/site\/wp-content\/uploads\/2018\/02\/logo_mail-300x83.jpg\" alt=\"\" width=\"300\" height=\"83\" \/><\/p>\n<\/div>\n<\/div><\/div><\/div><\/div><\/div><\/div>","protected":false},"excerpt":{"rendered":"<p>A Studdio Bagni, desde 1989, oferece ao mercado da decora\u00e7\u00e3o de lavabos e banheiros produtos concebidos para proporcionarem beleza e funcionalidade a esses ambientes. Cada vez mais valorizados, lavabos e banheiros s\u00e3o criados de modo a harmonizar os conceitos de design, de praticidade, de conforto e de\u00a0 sofistica\u00e7\u00e3o que o estilo e o bom gosto [&hellip;]<\/p>\n","protected":false},"author":1,"featured_media":0,"parent":0,"menu_order":0,"comment_status":"closed","ping_status":"closed","template":"template-single-column.php","meta":{"footnotes":""},"class_list":["post-28","page","type-page","status-publish","hentry"],"_links":{"self":[{"href":"https:\/\/www.studdiobagni.com.br\/site\/wp-json\/wp\/v2\/pages\/28","targetHints":{"allow":["GET"]}}],"collection":[{"href":"https:\/\/www.studdiobagni.com.br\/site\/wp-json\/wp\/v2\/pages"}],"about":[{"href":"https:\/\/www.studdiobagni.com.br\/site\/wp-json\/wp\/v2\/types\/page"}],"author":[{"embeddable":true,"href":"https:\/\/www.studdiobagni.com.br\/site\/wp-json\/wp\/v2\/users\/1"}],"replies":[{"embeddable":true,"href":"https:\/\/www.studdiobagni.com.br\/site\/wp-json\/wp\/v2\/comments?post=28"}],"version-history":[{"count":22,"href":"https:\/\/www.studdiobagni.com.br\/site\/wp-json\/wp\/v2\/pages\/28\/revisions"}],"predecessor-version":[{"id":641,"href":"https:\/\/www.studdiobagni.com.br\/site\/wp-json\/wp\/v2\/pages\/28\/revisions\/641"}],"wp:attachment":[{"href":"https:\/\/www.studdiobagni.com.br\/site\/wp-json\/wp\/v2\/media?parent=28"}],"curies":[{"name":"wp","href":"https:\/\/api.w.org\/{rel}","templated":true}]}}